ainder when 113 is divided by l(-32).
2
Suppose 34*u + 3*u = 1702. What is the remainder when u is divided by 26?
20
Let o(w) = -w + 153. Let r be o(0). Let p = r - 118. Calculate the remainder when p is divided by 12.
11
Let q = 643 + -589. What is the remainder when q is divided by 29?
25
Let x(b) = -5*b**2 + 10*b - 2*b - b**3 - 3*b + 11. Calculate the remainder when x(-6) is divided by 3.
2
Let r = 6 + 1. Suppose c - 2*c + r = 0. Calculate the remainder when c is divided by ((-18)/4 + 4)/((-8)/64).
3
Let i(r) = 42*r**2 - 4*r + 0*r + 2*r**2 - 3. Calculate the remainder when 132 is divided by i(-1).
42
Let n = 146 + 283. Calculate the remainder when n is divided by 24.
21
Suppose -3*z + z - 6 = 0, r - 2*z - 24 = 0. Suppose -3*y - 52 = -5*g, 5*y + 0*g + 35 = -2*g. Let v = y - -19. Calculate the remainder when r is divided by v.
8
Suppose -4*y + 0*y + 140 = 0. Suppose u - d - 3 + 1 = 0, 4*u - 24 = -4*d. Calculate the remainder when 3 + (2 - (u + -102)) is divided by y.
33
Suppose -5*f = -39*n + 42*n - 84, -3*n - 6 = 0. Let p(o) = -7*o - 7. What is the remainder when p(-6) is divided by f?
17
What is the remainder when 63 is divided by ((30/6)/15)/(2/114)?
6
Let f = 18 - 14. Suppose -t + 85 = f*t. Calculate the remainder when 3 + 2/((-2)/(-29)) is divided by t.
15
Suppose 5*g + 60 = 6*g. Suppose 3*b - g = -2*b. Suppose -5*u - x = -3*x - 180, 5*u = 4*x + 190. What is the remainder when u is divided by b?
10
Let p(u) = 2*u - 7. Suppose 602*b - 155*b = -476 + 4499. What is the remainder when b is divided by p(6)?
4
Calculate the remainder when (6 + -14)*((-2 - -8) + -14) is divided by 13.
12
Let z(n) = -5*n - 79. Calculate the remainder when 92 is divided by z(-28).
31
Suppose -4*b + 3*b = 5*i - 27, i - 18 = 4*b. What is the remainder when 113 is divided by i?
5
Let u be 42/5 - (-12)/(-30). What is the remainder when 27 is divided by (17 - 20)/((-3)/u)?
3
Suppose 3*q - 25 = -2*c - 1, 5*q = 4*c - 48. Let z = 9 - -13. What is the remainder when z is divided by c?
10
Suppose 5*a - 1 = 14, 5*b = -4*a + 2052. Calculate the remainder when b is divided by 41.
39
Suppose -3*f + 5*z + 12 = 0, -2*f - 3*z - 5 - 6 = 0. Calculate the remainder when (f - (-15)/(-6) - -2)*-34 is divided by 19.
13
What is the remainder when 243 is divided by 342/8 + 273/(-156)?
38
Suppose -3*d - 44 + 124 = -5*z, -3*d + 90 = -3*z. Let u = 58 - d. Calculate the remainder when 205 is divided by u.
21
Let i = 67 + -20. Let m(u) = u**3 - 4*u**2 + 6*u - 1. Calculate the remainder when i is divided by m(3).
7
Let u(b) = 2*b**2 - b - 7. Let a be u(-5). Suppose -a = 4*s - s. Let p = -1 - s. What is the remainder when 28 is divided by p?
13
Let t be ((-92)/(-12))/(2/(-6)). Let g = 36 + t. Let c = 117 + -68. Calculate the remainder when c is divided by g.
10
Let r(x) = -6*x + 139. Calculate the remainder when 11 is divided by r(22).
4
What is the remainder when 4*(1 + -3)*90/(-8) is divided by 3?
0
Suppose -2*x - 2*o - 13 = -159, 5*o - 297 = -4*x. Calculate the remainder when 253 is divided by x.
49
Let p be (3 - (-2)/(-1))*0. Suppose p = -5*d + 19 + 31. Calculate the remainder when 38 is divided by d.
8
Let c = 1695 - 1541. Calculate the remainder when c is divided by 51.
1
Let c(f) = 82*f**2 - 3*f - 4. What is the remainder when c(-1) is divided by 43?
38
Suppose -2*d + 46 = -2*r - r, -4*d = 2*r - 108. What is the remainder when 1338/78 + 4 + (-4)/d is divided by 12?
9
Suppose -3*n - 2*d = -106, -5*d + 66 = n + 9. Let r = -18 + n. Calculate the remainder when (90 - 12)/(2 - (2 + -2)) is divided by r.
11
Let k(i) = -i + 4. Calculate the remainder when (176/24)/((-2)/(-6)) is divided by k(0).
2
Suppose -54 = -11*m + 23. Let o(u) = 6*u - 15. Calculate the remainder when 78 is divided by o(m).
24
What is the remainder when 200/(-6)*-3*(-18)/(-12) is divided by 8?
6
Let s = -862 - -885. What is the remainder when 2*23 - (1 + 1) is divided by s?
21
Let j = 303 + -291. Calculate the remainder when 345 is divided by j.
9
Let v = -75 - -70. Suppose 4*c - 4 = 24. What is the remainder when 4 - 20/v - -3 is divided by c?
4
Suppose -2*p - 4*s = -24, -6*s + 15 = p - s. Let o be (108/p)/((-2)/40). Calculate the remainder when (-15)/(-6)*o/(-20) is divided by 15.
12
Suppose 4*l - 30 = 2*h, 2*l - 8 = 2*h + 12. Suppose 0 = r - 3, 2*v - l*r + 160 = 7*v. Let x = 1527 - 1511. Calculate the remainder when v is divided by x.
13
Let a(p) = p**3 + 20*p**2 + 16*p + 20. Suppose -99 = 4*f - 23. Suppose n + v - 45 = -n, 10 = 2*v. What is the remainder when a(f) is divided by n?
17
Suppose 5*w + 9*i = 11*i - 451, -4*w - 358 = -3*i. Let c = -68 - w. Calculate the remainder when 136 is divided by c.
21
Let z(v) = -60*v - 152. Calculate the remainder when z(-8) is divided by 6.
4
Suppose 3*v - 45 = 2*q, -2*q + 0*v - 44 = -2*v. Let s = q + 85. Suppose 7*m = 3*m + s. What is the remainder when 46 is divided by m?
14
Let o = 2 + -2. Suppose 3*p + 5*f - 38 = 0, o*p + 3*f = 2*p - 19. Calculate the remainder when 43 is divided by p.
10
Suppose -1376 = -37*f + 5*f. What is the remainder when 330 is divided by f?
29
Calculate the remainder when 124 is divided by (24/7)/3*7.
4
What is the remainder when ((-6)/10 - 144/(-40)) + 49 is divided by 18?
16
Let i be (-294)/4*5/((-105)/56). Let r = -6 - -10. Suppose 3*y + 3*j + j - 169 = 0, -i = -r*y + 2*j. Calculate the remainder when y is divided by 13.
12
Let l(t) = 2*t**3 - 12*t**2 - 6*t + 15. Let j be l(6). Let c = j + 49. Calculate the remainder when c is divided by 12.
4
Let n(k) = -k**3 - 5*k**2 - 4*k - 7. Let u(q) = q**2 + 9*q + 11. Let f be u(-6). What is the remainder when n(f) is divided by 8?
7
Calculate the remainder when 6/70*-5 + 766/7 is divided by 22.
21
Suppose 3*i + 5 = 56. What is the remainder when i is divided by ((-20)/(-6))/((-1)/(-3))?
7
Suppose 4*w - d = 187, -3*w - 5*d + 3 = -120. Calculate the remainder when 58 is divided by w.
12
Let u(o) be the third derivative of -o**4/24 + 2*o**3/3 - 4*o**2. Calculate the remainder when u(-12) is divided by 7.
2
Let h = -247 + 164. Let k = 146 + h. Calculate the remainder when k is divided by 22.
19
Suppose -3*q - 2*w + 52 = 0, -14*q + 15*q - w = 19. Calculate the remainder when 303 is divided by q.
15
Suppose -45 = 4*w - 7*w. Suppose 1 = 4*a - w. Suppose q - 10 - 18 = -5*i, 2*q - 11 = 5*i. What is the remainder when q is divided by a?
1
Let d = 890 - 516. Calculate the remainder when d is divided by 8.
6
Let m(a) = 9*a - 54. Let z be m(6). Suppose z = 7*p - 29 - 13. What is the remainder when 8 is divided by p?
2
Suppose -2*w + 0*w - 5*o + 57 = 0, 25 = 5*o. What is the remainder when (-9)/(14/(-105) + (-5)/75) is divided by w?
13
Suppose -3*q + 77 = 2*i, -2*q - 5*i + 125 = 3*q. What is the remainder when 15 is divided by 90/q - (-2)/3?
3
Let r be (-1 + 4)/((-24)/(-232)). Let d = r + 0. Calculate the remainder when d is divided by 16.
13
Suppose 0 = 4*h - 253 + 25. Suppose -p - 116 = -5*x + 105, 0 = -x - 3*p + h. Calculate the remainder when 8 is divided by x/(8 + -3) - 4.
3
Let n = 166 - 157. What is the remainder when 14 is divided by n?
5
Suppose 0 = -7*u - 5*u + 840. What is the remainder when u is divided by 9?
7
Suppose 6927 + 7353 = 39*w + 81*w. Let k = -13 + 53. What is the remainder when w is divided by k?
39
Suppose 2*x = 11 - 7. What is the remainder when (-2)/(-4)*(-87*x)/(-3) is divided by 5?
4
Suppose 35*b - 36*b + 4 = 0, r + b - 26 = 0. Calculate the remainder when 35 is divided by r.
13
Let b = -543 - -590. Calculate the remainder when 129 is divided by b.
35
Suppose 173 = 7*n - 58. Suppose 24 = 3*t - n. What is the remainder when t is divided by 10?
9
Let b(q) = -q**2 + 1. Let z be b(0). Calculate the remainder when z - -37 - (-11 + 10) is divided by 0 + -6*(-3)/(-6) + 11.
7
Let r(q) = q**3 + 20*q**2 - 68*q + 25. Calculate the remainder when 45 is divided by r(-23).
1
Let u(k) = -188*k + 4751. Let s(v) = v**3 - 4*v - 4. Calculate the remainder when s(5) is divided by u(25).
50
Let j = 30 + -26. Suppose -x - 8*g + 29 = -j*g, -5*x + 61 = -g. What is the remainder when 37 is divided by x?
11
Let m = 32 - 28. Suppose m*r = -2 + 82. Suppose -2*j + r = -0. Calculate the remainder when 37 is divided by j.
7
Let v = -683 + 699. What is the remainder when 3038 is divided by v?
14
Let d(a) = 97*a**2 - 43*a**2 